{"id":130,"date":"2019-05-22T10:06:56","date_gmt":"2019-05-22T10:06:56","guid":{"rendered":"http:\/\/cavaleirosdoceu.com\/?page_id=130"},"modified":"2022-06-17T11:45:08","modified_gmt":"2022-06-17T11:45:08","slug":"missao","status":"publish","type":"page","link":"https:\/\/cavaleirosdoceu.com\/index.php\/missao\/","title":{"rendered":"Miss\u00e3o"},"content":{"rendered":"\t\t<div data-elementor-type=\"wp-post\" data-elementor-id=\"130\" class=\"elementor elementor-130\">\n\t\t\t\t\t\t<section class=\"elementor-section elementor-top-section elementor-element elementor-element-2d41060 elementor-section-stretched elementor-section-boxed elementor-section-height-default elementor-section-height-default\" data-id=\"2d41060\" data-element_type=\"section\" data-settings=\"{&quot;stretch_section&quot;:&quot;section-stretched&quot;}\">\n\t\t\t\t\t\t<div class=\"elementor-container elementor-column-gap-default\">\n\t\t\t\t\t<div class=\"elementor-column elementor-col-100 elementor-top-column elementor-element elementor-element-957f25b\" data-id=\"957f25b\" data-element_type=\"column\">\n\t\t\t<div class=\"elementor-widget-wrap elementor-element-populated\">\n\t\t\t\t\t\t<div class=\"elementor-element elementor-element-bb30ae0 elementor-widget elementor-widget-text-editor\" data-id=\"bb30ae0\" data-element_type=\"widget\" data-widget_type=\"text-editor.default\">\n\t\t\t\t<div class=\"elementor-widget-container\">\n\t\t\t\t\t\t\t\t\t<h2><b><span style=\"font-size: medium;\">E se um dia eu pudesse voar?<\/span><\/b><\/h2>\t\t\t\t\t\t\t\t<\/div>\n\t\t\t\t<\/div>\n\t\t\t\t\t<\/div>\n\t\t<\/div>\n\t\t\t\t\t<\/div>\n\t\t<\/section>\n\t\t\t\t<section class=\"elementor-section elementor-top-section elementor-element elementor-element-b7a82b2 elementor-section-stretched elementor-section-boxed elementor-section-height-default elementor-section-height-default\" data-id=\"b7a82b2\" data-element_type=\"section\" data-settings=\"{&quot;stretch_section&quot;:&quot;section-stretched&quot;}\">\n\t\t\t\t\t\t<div class=\"elementor-container elementor-column-gap-default\">\n\t\t\t\t\t<div class=\"elementor-column elementor-col-100 elementor-top-column elementor-element elementor-element-98760e1\" data-id=\"98760e1\" data-element_type=\"column\">\n\t\t\t<div class=\"elementor-widget-wrap elementor-element-populated\">\n\t\t\t\t\t\t<div class=\"elementor-element elementor-element-de61bde elementor-widget elementor-widget-text-editor\" data-id=\"de61bde\" data-element_type=\"widget\" data-widget_type=\"text-editor.default\">\n\t\t\t\t<div class=\"elementor-widget-container\">\n\t\t\t\t\t\t\t\t\t<h3><b><span style=\"font-size: medium;\">E se eu fosse uma andorinha?<\/span><\/b><\/h3>\t\t\t\t\t\t\t\t<\/div>\n\t\t\t\t<\/div>\n\t\t\t\t\t<\/div>\n\t\t<\/div>\n\t\t\t\t\t<\/div>\n\t\t<\/section>\n\t\t\t\t<section class=\"elementor-section elementor-top-section elementor-element elementor-element-04afa6c elementor-section-stretched elementor-section-boxed elementor-section-height-default elementor-section-height-default\" data-id=\"04afa6c\" data-element_type=\"section\" data-settings=\"{&quot;stretch_section&quot;:&quot;section-stretched&quot;}\">\n\t\t\t\t\t\t<div class=\"elementor-container elementor-column-gap-default\">\n\t\t\t\t\t<div class=\"elementor-column elementor-col-100 elementor-top-column elementor-element elementor-element-5841986\" data-id=\"5841986\" data-element_type=\"column\">\n\t\t\t<div class=\"elementor-widget-wrap elementor-element-populated\">\n\t\t\t\t\t\t<div class=\"elementor-element elementor-element-f06a775 elementor-widget elementor-widget-text-editor\" data-id=\"f06a775\" data-element_type=\"widget\" data-widget_type=\"text-editor.default\">\n\t\t\t\t<div class=\"elementor-widget-container\">\n\t\t\t\t\t\t\t\t\t<h3><b><span style=\"font-size: medium;\">E se eu pudesse ir \u00e0 lua?<\/span><\/b><\/h3>\t\t\t\t\t\t\t\t<\/div>\n\t\t\t\t<\/div>\n\t\t\t\t\t<\/div>\n\t\t<\/div>\n\t\t\t\t\t<\/div>\n\t\t<\/section>\n\t\t\t\t<section class=\"elementor-section elementor-top-section elementor-element elementor-element-6b423ba elementor-section-boxed elementor-section-height-default elementor-section-height-default\" data-id=\"6b423ba\" data-element_type=\"section\">\n\t\t\t\t\t\t<div class=\"elementor-container elementor-column-gap-default\">\n\t\t\t\t\t<div class=\"elementor-column elementor-col-100 elementor-top-column elementor-element elementor-element-58b8a04\" data-id=\"58b8a04\" data-element_type=\"column\">\n\t\t\t<div class=\"elementor-widget-wrap elementor-element-populated\">\n\t\t\t\t\t\t<div class=\"elementor-element elementor-element-2d3bea3 elementor-widget elementor-widget-text-editor\" data-id=\"2d3bea3\" data-element_type=\"widget\" data-widget_type=\"text-editor.default\">\n\t\t\t\t<div class=\"elementor-widget-container\">\n\t\t\t\t\t\t\t\t\t<div><strong>Como eu gostaria de voar!! voar, voar, voar, sem nunca parar.<\/strong><\/div>\n<div>&nbsp;<\/div>\n<div><strong>Os cavaleiros do c\u00e9u com as suas asas voadoras, oferecem a todas as crian\u00e7as com defici\u00eancias o seu sonho de voar, e contemplar o infinito do c\u00e9u.<\/strong><\/div>\n<div>&nbsp;<\/div>\n<div><strong>Estes senhores do c\u00e9u querem dar a quem mais quer aceitar, uma forte emo\u00e7\u00e3o, uma grande admira\u00e7\u00e3o e uma longa recorda\u00e7\u00e3o que se guarde bem no cora\u00e7\u00e3o.<\/strong><\/div>\n<div>&nbsp;<\/div>\n<div>&nbsp;<\/div>\n<div><strong>A vista perde-se em terra&#8230;, o sentimento fica no ar&#8230;, com vontade de voltar as diferen\u00e7as n\u00e3o s\u00e3o para comparar.<\/strong><\/div>\n<div>&nbsp;<\/div>\n<div>&nbsp;<\/div>\n<div><strong>Vamos voar, as diferen\u00e7as ficam em terra.<\/strong><\/div>\t\t\t\t\t\t\t\t<\/div>\n\t\t\t\t<\/div>\n\t\t\t\t\t<\/div>\n\t\t<\/div>\n\t\t\t\t\t<\/div>\n\t\t<\/section>\n\t\t\t\t<section class=\"elementor-section elementor-top-section elementor-element elementor-element-268f836 elementor-section-boxed elementor-section-height-default elementor-section-height-default\" data-id=\"268f836\" data-element_type=\"section\">\n\t\t\t\t\t\t<div class=\"elementor-container elementor-column-gap-default\">\n\t\t\t\t\t<div class=\"elementor-column elementor-col-33 elementor-top-column elementor-element elementor-element-59884e0\" data-id=\"59884e0\" data-element_type=\"column\">\n\t\t\t<div class=\"elementor-widget-wrap\">\n\t\t\t\t\t\t\t<\/div>\n\t\t<\/div>\n\t\t\t\t<div class=\"elementor-column elementor-col-66 elementor-top-column elementor-element elementor-element-c9aff75\" data-id=\"c9aff75\" data-element_type=\"column\">\n\t\t\t<div class=\"elementor-widget-wrap elementor-element-populated\">\n\t\t\t\t\t\t<div class=\"elementor-element elementor-element-c354245 elementor-widget elementor-widget-wp-widget-media_image\" data-id=\"c354245\" data-element_type=\"widget\" data-widget_type=\"wp-widget-media_image.default\">\n\t\t\t\t<div class=\"elementor-widget-container\">\n\t\t\t\t\t<img decoding=\"async\" width=\"300\" height=\"128\" src=\"https:\/\/cavaleirosdoceu.com\/wp-content\/uploads\/2019\/05\/19247571_1079776522123449_3578385505814722495_n-300x128.jpg\" class=\"image wp-image-256  attachment-medium size-medium\" alt=\"\" style=\"max-width: 100%; height: auto;\" srcset=\"https:\/\/cavaleirosdoceu.com\/wp-content\/uploads\/2019\/05\/19247571_1079776522123449_3578385505814722495_n-300x128.jpg 300w, https:\/\/cavaleirosdoceu.com\/wp-content\/uploads\/2019\/05\/19247571_1079776522123449_3578385505814722495_n-768x326.jpg 768w, https:\/\/cavaleirosdoceu.com\/wp-content\/uploads\/2019\/05\/19247571_1079776522123449_3578385505814722495_n.jpg 960w\" sizes=\"(max-width: 300px) 100vw, 300px\" \/>\t\t\t\t<\/div>\n\t\t\t\t<\/div>\n\t\t\t\t\t<\/div>\n\t\t<\/div>\n\t\t\t\t\t<\/div>\n\t\t<\/section>\n\t\t\t\t<section class=\"elementor-section elementor-top-section elementor-element elementor-element-8acb106 elementor-section-boxed elementor-section-height-default elementor-section-height-default\" data-id=\"8acb106\" data-element_type=\"section\">\n\t\t\t\t\t\t<div class=\"elementor-container elementor-column-gap-default\">\n\t\t\t\t\t<div class=\"elementor-column elementor-col-33 elementor-top-column elementor-element elementor-element-bf18d7d\" data-id=\"bf18d7d\" data-element_type=\"column\">\n\t\t\t<div class=\"elementor-widget-wrap\">\n\t\t\t\t\t\t\t<\/div>\n\t\t<\/div>\n\t\t\t\t<div class=\"elementor-column elementor-col-66 elementor-top-column elementor-element elementor-element-04d6841\" data-id=\"04d6841\" data-element_type=\"column\">\n\t\t\t<div class=\"elementor-widget-wrap\">\n\t\t\t\t\t\t\t<\/div>\n\t\t<\/div>\n\t\t\t\t\t<\/div>\n\t\t<\/section>\n\t\t\t\t<\/div>\n\t\t","protected":false},"excerpt":{"rendered":"<p>E se um dia eu pudesse voar? E se eu fosse uma andorinha? E se eu pudesse ir \u00e0 lua? Como eu gostaria de voar!! voar, voar, voar, sem nunca parar. &nbsp; Os cavaleiros do c\u00e9u com as suas asas voadoras, oferecem a todas as crian\u00e7as com defici\u00eancias o seu sonho de voar, e contemplar&hellip; <a href=\"https:\/\/cavaleirosdoceu.com\/index.php\/missao\/\" class=\"more-link\">Continue reading <span class=\"screen-reader-text\">Miss\u00e3o<\/span><\/a><\/p>\n","protected":false},"author":1,"featured_media":0,"parent":0,"menu_order":0,"comment_status":"closed","ping_status":"closed","template":"","meta":{"footnotes":""},"class_list":["post-130","page","type-page","status-publish","hentry","without-featured-image"],"_links":{"self":[{"href":"https:\/\/cavaleirosdoceu.com\/index.php\/wp-json\/wp\/v2\/pages\/130","targetHints":{"allow":["GET"]}}],"collection":[{"href":"https:\/\/cavaleirosdoceu.com\/index.php\/wp-json\/wp\/v2\/pages"}],"about":[{"href":"https:\/\/cavaleirosdoceu.com\/index.php\/wp-json\/wp\/v2\/types\/page"}],"author":[{"embeddable":true,"href":"https:\/\/cavaleirosdoceu.com\/index.php\/wp-json\/wp\/v2\/users\/1"}],"replies":[{"embeddable":true,"href":"https:\/\/cavaleirosdoceu.com\/index.php\/wp-json\/wp\/v2\/comments?post=130"}],"version-history":[{"count":20,"href":"https:\/\/cavaleirosdoceu.com\/index.php\/wp-json\/wp\/v2\/pages\/130\/revisions"}],"predecessor-version":[{"id":1316,"href":"https:\/\/cavaleirosdoceu.com\/index.php\/wp-json\/wp\/v2\/pages\/130\/revisions\/1316"}],"wp:attachment":[{"href":"https:\/\/cavaleirosdoceu.com\/index.php\/wp-json\/wp\/v2\/media?parent=130"}],"curies":[{"name":"wp","href":"https:\/\/api.w.org\/{rel}","templated":true}]}}